{"id":14050,"date":"2018-03-02T21:59:07","date_gmt":"2018-03-02T21:59:07","guid":{"rendered":"http:\/\/www.kunstinvestor.at\/aktuell\/?page_id=14050"},"modified":"2025-02-07T12:01:43","modified_gmt":"2025-02-07T12:01:43","slug":"datenschutz","status":"publish","type":"page","link":"http:\/\/www.kunstinvestor.at\/aktuell\/datenschutz\/","title":{"rendered":"Datenschutz"},"content":{"rendered":"<table style=\"font-size: 1rem;\">\n<tbody>\n<tr>\n<td>\n<p style=\"text-align: justify;\"><span style=\"font-family: helvetica, arial, sans-serif; font-size: 10pt;\"><span style=\"font-size: 12pt;\"><strong>Datenschutz<\/strong><\/span><br \/>\nDie Inhalte dieser Datenschutz-Seite sind nach bestem Wissen und Gewissen eingepflegt worden. Dennoch \u00fcbernimmt kunstinvestor.at keinerlei Gew\u00e4hr f\u00fcr die Richtigkeit, Aktualit\u00e4t oder Vollst\u00e4ndigkeit der Inhalte. Alle Inhalte der Seite sind unverbindlich. Somit werden alle Haftungsanspr\u00fcche gegen kunstinvestor.at, die durch die Nutzung der Informationen verursacht wurden, ausgeschlossen. Bei Vertragsabschl\u00fcssen aller Art gelten die Gesch\u00e4ftsbedingungen der jeweiligen Bank, welche vor Vertragsabschluss auf der jeweiligen Seite des Anbieters nachzulesen sind.<\/span><\/p>\n<p style=\"text-align: justify;\"><span style=\"font-family: helvetica, arial, sans-serif; font-size: 10pt;\">F\u00fcr die Betreiber von kunstinvestor.at ist der Schutz Ihrer Daten sehr wichtig. Wir behandeln Ihre pers\u00f6nlichen Daten nach den gesetzlichen Datenschutzvorschriften und dieser Datenschutzerkl\u00e4rung. Die Nutzung dieser Webseite ist grunds\u00e4tzlich ohne Angabe von pers\u00f6nlichen Daten m\u00f6glich. Falls auf dieser Seite jedoch personenbezogene Daten erhoben werden (z.B. Name oder E-Mail-Adresse), erfolgt dies immer auf freiwilliger Basis. Auch werden diese Daten nicht ohne Ihrer ausdr\u00fccklichen Einverst\u00e4ndnis an Dritte weitergeleitet. Wir m\u00fcssen darauf hinweisen, dass bei der Daten\u00fcbertragung via Internet Sicherheitsl\u00fccken vorhanden sein k\u00f6nnen. Eine l\u00fcckenlose \u00dcbertragung und der Schutz der Daten vor Zugriff durch Dritte ist nicht m\u00f6glich.<\/span><\/p>\n<hr \/>\n<\/td>\n<\/tr>\n<\/tbody>\n<\/table>\n<table>\n<tbody>\n<tr>\n<td style=\"text-align: justify;\"><span style=\"font-family: helvetica, arial, sans-serif; font-size: 12pt;\"><strong>Urheberrecht<\/strong><\/span><br \/>\n<span style=\"font-family: helvetica, arial, sans-serif; font-size: 10pt;\"> <span style=\"font-size: 10pt;\">Die vom Betreiber selbst erstellten Inhalte von kunstinvestor.at unterliegen dem \u00f6sterreichischen Urheberrecht. Keine Teile der Website d\u00fcrfen reproduziert oder verarbeitet, vervielf\u00e4ltigt oder verbreitet werden, au\u00dfer mit schriftlicher Genehmigung des Betreibers. Durch Dritte gesch\u00fctzte Marken- und\/oder Warenzeichen sind im Besitz ihres Eigent\u00fcmers.<\/span><\/span><\/p>\n<hr \/>\n<\/td>\n<\/tr>\n<\/tbody>\n<\/table>\n<table>\n<tbody>\n<tr>\n<td style=\"text-align: justify;\"><span style=\"font-family: helvetica, arial, sans-serif;\"><strong><span style=\"font-size: 10pt;\">Externe Links<\/span><\/strong><\/span><br \/>\n<span style=\"font-family: helvetica, arial, sans-serif; font-size: 10pt;\"> <span style=\"font-size: 10pt;\">Die Betreiber von kunstinvestor.at weisen darauf hin, dass f\u00fcr die Inhalte der verlinkten Seiten ausnahmslos die jeweiligen Betreiber der externen Seiten verantwortlich sind. Kunstinvestor.at \u00fcbernimmt keine Verantwortung f\u00fcr jetzige und sp\u00e4ter hinzugef\u00fcgte Inhalte auf externen Seiten.<\/span><\/span><\/p>\n<hr \/>\n<\/td>\n<\/tr>\n<\/tbody>\n<\/table>\n<table>\n<tbody>\n<tr>\n<td style=\"text-align: justify;\"><span style=\"font-family: helvetica, arial, sans-serif; font-size: 12pt;\"><strong>Verwendung von Cookies und Erfassung technischer Daten<\/strong><\/span><br \/>\n<span style=\"font-family: helvetica, arial, sans-serif; font-size: 10pt;\"> <span style=\"font-size: 10pt;\">Kunstinvestor.at verwendet Google Analytics, welches ein Webanalysedienst der Google Inc. ist. Es werden sogenannte Cookies verwendet, wobei Cookies einfache Textdaten sind, welche auf dem PC gespeichert werden und zur Analyse der Websitenutzung dienen. Google wird im Auftrag des Webseiten-Betreibers Ihre Nutzung dieser Webseite auswerten, damit der Betreiber die Nutzung f\u00fcr Sie noch effektiver und benutzerfreundlicher gestalten kann. Sie k\u00f6nnen die Verwendung von Cookies in Ihrem Browser verhindern, jedoch weisen wir darauf hin, dass Sie dadurch unter Umst\u00e4nden nicht den vollen Funktionsumfang dieser Webseite nutzen k\u00f6nnen.<\/span><\/span><\/p>\n<hr \/>\n<\/td>\n<\/tr>\n<\/tbody>\n<\/table>\n<table>\n<tbody>\n<tr>\n<td style=\"text-align: justify;\"><span style=\"font-family: helvetica, arial, sans-serif;\"><strong><span style=\"font-size: 12pt;\">Newsletterdaten<\/span><\/strong><\/span><br \/>\n<span style=\"font-family: helvetica, arial, sans-serif; font-size: 10pt;\"> <span style=\"font-size: 10pt;\">Wenn Sie die Newsletterfunktion auf dieser Website verwenden, werden Ihre E-Mail-Adresse sowie andere Informationen ben\u00f6tigt, welche wir zur \u00dcberpr\u00fcfung Ihrer E-Mail-Adresse verwenden. Mehr Daten als n\u00f6tig werden nicht erhoben. Wir verwenden die Daten ausschlie\u00dflich f\u00fcr den Versand der Newsletter und geben sie nicht an Dritte weiter. Die Aufl\u00f6sung des Abonnements k\u00f6nnen Sie jederzeit schriftlich fordern.<\/span><\/span><\/p>\n<hr \/>\n<\/td>\n<\/tr>\n<\/tbody>\n<\/table>\n<div>\n<table>\n<tbody>\n<tr>\n<td>\n<p style=\"text-align: left;\"><span style=\"font-family: helvetica, arial, sans-serif; font-size: 10pt;\">Impressum \/ Informationen gem\u00e4\u00df \u00a7 5 ECG, \u00a7 14 UGB, \u00a7 24 Mediengesetz<\/span><\/p>\n<p style=\"text-align: left;\"><span style=\"font-family: helvetica, arial, sans-serif;\"><strong><span style=\"font-size: 10pt;\">Medieneigent\u00fcmer, Chefredakteur &amp; Herausgeber<\/span><\/strong><\/span><br \/>\n<span style=\"font-family: helvetica, arial, sans-serif;\"> <strong><span style=\"font-size: 10pt;\"> Michael R. Minassian<\/span><\/strong><\/span><br \/>\n<span style=\"font-family: helvetica, arial, sans-serif; font-size: 10pt;\"> E-Mail: office@kunstinvestor.at<\/span><br \/>\n<span style=\"font-family: helvetica, arial, sans-serif; font-size: 10pt;\"> Redaktionsanschrift:<\/span><br \/>\n<span style=\"font-family: helvetica, arial, sans-serif; font-size: 10pt;\"> A-3420 Klosterneuburg-Kritzendorf, Hauptstr. 123\/ DG Top 10<\/span><br \/>\n<span style=\"font-family: helvetica, arial, sans-serif; font-size: 10pt;\"> Telefon: +43 2243\/21723<\/span><br \/>\n<span style=\"font-family: helvetica, arial, sans-serif;\"> <a href=\"http:\/\/www.kunstinvestor.at\/\"><strong><span style=\"font-size: 10pt;\"> www.kunstinvestor.at<\/span><\/strong><\/a><\/span><\/p>\n<p style=\"text-align: justify;\"><span style=\"font-family: helvetica, arial, sans-serif; font-size: 10pt;\"><strong>Disclaimer:<\/strong> KUNSTINVESTOR kann f\u00fcr die Richtigkeit der Inhalte keine Haftung \u00fcbernehmen.\u00a0<\/span><span style=\"font-family: tahoma, arial, helvetica, sans-serif; font-size: 10pt;\"><span style=\"font-family: helvetica, arial, sans-serif;\">Die gemachten Angaben dienen einzig zu Informationszwecken und keinesfalls als Aufforderung zum Kauf\/Verkauf von Kunstwerken, Objekten etc. \u2013 Zudem muss konkret darauf hingewiesen werden, dass es sich bei den Beitr\u00e4gen um die Privatmeinung des jeweiligen Autors handelt. Diese muss nicht mit der KUNSTINVESTOR-Meinung \u00fcbereinstimmen, kann dieser sogar entgegengerichtet sein<\/span>.<\/span><\/p>\n<\/td>\n<\/tr>\n<\/tbody>\n<\/table>\n<\/div>\n","protected":false},"excerpt":{"rendered":"<p>Datenschutz Die Inhalte dieser Datenschutz-Seite sind nach bestem Wissen und Gewissen eingepflegt worden. Dennoch \u00fcbernimmt kunstinvestor.at keinerlei Gew\u00e4hr f\u00fcr die Richtigkeit, Aktualit\u00e4t oder Vollst\u00e4ndigkeit der Inhalte. Alle Inhalte der Seite sind unverbindlich. Somit werden alle Haftungsanspr\u00fcche gegen kunstinvestor.at, die durch die Nutzung der Informationen verursacht wurden, ausgeschlossen. Bei Vertragsabschl\u00fcssen aller &#8230;<\/p>\n","protected":false},"author":2,"featured_media":0,"parent":0,"menu_order":0,"comment_status":"closed","ping_status":"closed","template":"","meta":{"footnotes":""},"aioseo_notices":[],"_links":{"self":[{"href":"http:\/\/www.kunstinvestor.at\/aktuell\/wp-json\/wp\/v2\/pages\/14050"}],"collection":[{"href":"http:\/\/www.kunstinvestor.at\/aktuell\/wp-json\/wp\/v2\/pages"}],"about":[{"href":"http:\/\/www.kunstinvestor.at\/aktuell\/wp-json\/wp\/v2\/types\/page"}],"author":[{"embeddable":true,"href":"http:\/\/www.kunstinvestor.at\/aktuell\/wp-json\/wp\/v2\/users\/2"}],"replies":[{"embeddable":true,"href":"http:\/\/www.kunstinvestor.at\/aktuell\/wp-json\/wp\/v2\/comments?post=14050"}],"version-history":[{"count":6,"href":"http:\/\/www.kunstinvestor.at\/aktuell\/wp-json\/wp\/v2\/pages\/14050\/revisions"}],"predecessor-version":[{"id":16449,"href":"http:\/\/www.kunstinvestor.at\/aktuell\/wp-json\/wp\/v2\/pages\/14050\/revisions\/16449"}],"wp:attachment":[{"href":"http:\/\/www.kunstinvestor.at\/aktuell\/wp-json\/wp\/v2\/media?parent=14050"}],"curies":[{"name":"wp","href":"https:\/\/api.w.org\/{rel}","templated":true}]}}