{"id":459,"date":"2020-02-12T14:54:39","date_gmt":"2020-02-12T13:54:39","guid":{"rendered":"http:\/\/www.kunstinvestor.at\/media\/?page_id=459"},"modified":"2020-02-12T15:01:05","modified_gmt":"2020-02-12T14:01:05","slug":"unser-angebot","status":"publish","type":"page","link":"http:\/\/www.kunstinvestor.at\/media\/unser-angebot\/","title":{"rendered":"UNSER ANGEBOT"},"content":{"rendered":"<p style=\"text-align: center;\"><img loading=\"lazy\" decoding=\"async\" class=\"size-full wp-image-353 aligncenter\" src=\"http:\/\/www.kunstinvestor.at\/media\/wp-content\/uploads\/Kunstinvestor-Logo-700x109.png\" alt=\"\" width=\"700\" height=\"109\" srcset=\"http:\/\/www.kunstinvestor.at\/media\/wp-content\/uploads\/Kunstinvestor-Logo-700x109.png 700w, http:\/\/www.kunstinvestor.at\/media\/wp-content\/uploads\/Kunstinvestor-Logo-700x109-300x47.png 300w\" sizes=\"(max-width: 700px) 100vw, 700px\" \/><\/p>\n<hr \/>\n<p><img loading=\"lazy\" decoding=\"async\" class=\"size-full wp-image-283 aligncenter\" src=\"http:\/\/www.michael-minassian.eu\/wp-content\/uploads\/Geld-Investor-Schriftzug-2.jpg\" alt=\"\" width=\"640\" height=\"92\" \/><\/p>\n<hr \/>\n<p style=\"text-align: center;\"><span style=\"color: #000000;\"><em><span style=\"font-family: helvetica, arial, sans-serif;\">Unser Angebot f\u00fcr Ihre stichhaltige Ver\u00f6ffentlichung,<br \/>\nverpackt\u00a0in originellen Headlines und farbenfrohen Fotos.<br \/>\nUnd das macht die Kampagne aus&#8230;&#8230;&#8230;..<\/span><\/em><\/span><\/p>\n<hr \/>\n<p style=\"text-align: center;\"><span style=\"color: #000000;\"><em><span style=\"font-family: helvetica, arial, sans-serif;\"><strong><span style=\"font-family: tahoma, arial, helvetica, sans-serif; font-size: 14pt;\">IHRE WERBUNG WIRKT IM<br \/>\nKUNST<span style=\"color: #800000;\">.<\/span>INVESTOR &#8211; <span style=\"font-size: 10pt;\">special<\/span><\/span><\/strong><\/span><\/em><\/span><\/p>\n<hr \/>\n<table style=\"font-size: 1rem;\">\n<tbody>\n<tr>\n<td>\n<p style=\"text-align: justify;\"><span style=\"font-family: 'arial black', sans-serif;\">KUNDENJOURNAL<\/span><br \/>\n<span style=\"font-family: tahoma, arial, helvetica, sans-serif; font-size: 10pt;\">Mit exklusiv produzierter Berichterstattung und Fotos machen wir mit unserem Kundenjournal, <strong><span style=\"font-size: 8pt;\"><em><span style=\"font-family: helvetica, arial, sans-serif;\">\u201aKUNSINVESTOR- SPECIAL\u2018<\/span><\/em><\/span><\/strong>, Ihre Veranstaltung zu einem einmaligen und unvergesslichen Ereignis. Das Redaktionsteam garantiert f\u00fcr Top-Berichterstattung, professionelle Fotos und Videos Ihrer Veranstaltung, damit diese bei Ihren G\u00e4sten in bester Erinnerung bleibt. Selbstverst\u00e4ndlich wird das Drehbuch f\u00fcr Ihr Kundenjournal gemeinsam mit Ihnen erstellt, das bedeutet (Briefing, Definition Ihrer Ziele in der Berichterstattung, Absprache der zu ver\u00f6ffentlichten Themen etc., die Sie mittels Kundenjournal transportieren m\u00f6chten. Der Vertrieb folgt \u00fcber Newsletter- als Anhang zum B\u00f6rse-Exprerss(e-Paper) und KUNSTINVESTOR(e-Paper). Sie erhalten die Nutzungsrechte f\u00fcr das Kundenjournal und den Einbettcode. So k\u00f6nnen Sie diese auch f\u00fcr Ihre Website, f\u00fcr Ihre Firmen-Pr\u00e4sentationen u.v.m. verwenden<\/span>.<\/p>\n<hr \/>\n<\/td>\n<\/tr>\n<\/tbody>\n<\/table>\n<table style=\"font-size: 1rem; height: 5px;\" width=\"577\">\n<tbody>\n<tr>\n<td style=\"width: 577.778px; text-align: justify;\"><span style=\"font-family: 'arial black', sans-serif; font-size: 12pt;\"><strong>EVENTPAPER<\/strong><\/span><br \/>\n<span style=\"font-size: 10pt;\"> <span style=\"font-family: tahoma, arial, helvetica, sans-serif;\">Mit exklusiv produzierter Berichterstattung und Fotos machen wir Ihre Veranstaltung zu einem einmaligen und unvergesslichen Ereignis.\u00a0<\/span><span style=\"font-family: tahoma, arial, helvetica, sans-serif;\">Das Redaktionsteam garantiert f\u00fcr Top-Event-Berichterstattung, professionelle Interviews, professionelle Fotos und Videos Ihrer Veranstaltung, damit diese bei Ihren G\u00e4sten in bester Erinnerung bleibt. Selbstverst\u00e4ndlich wird das Drehbuch f\u00fcr Ihr EventPaper gemeinsam mit Ihnen erstellt, das bedeutet (Briefing zum Event, Definition Ihrer Ziele in der Berichterstattung, Absprache der zu fotografierenden\/interviewenden wichtigen G\u00e4ste, GF-Interview zu den Themen, die Sie mittels EventPaper transportieren m\u00f6chten \u2013 auch Kurzvideos sind m\u00f6glich).\u00a0<\/span><span style=\"font-family: tahoma, arial, helvetica, sans-serif;\">Sie erhalten eine fix und fertige digitale Event-Zeitung. Wir produzieren Ihr EventPaper im KUNSTINVESTOR- \u201eLook &amp; Feel-Style\u201c f\u00fcr Ihre G\u00e4ste und bei Wunsch \u00fcbernehmen wir Ihr EventPaper auch gerne in die B\u00f6rse-Exprerss und KUNSTINVESTOR -Welt mit rund 300.000 Unique Clients.<\/span><\/span><span style=\"font-family: tahoma, arial, helvetica, sans-serif; font-size: 12pt;\"><span style=\"font-size: 10pt;\"><strong><em><span style=\"font-size: 12pt;\">Das \u00fcberzeugt<\/span><\/em><br \/>\n<\/strong>Das Event-Team gibt Ihrer Veranstaltung den gew\u00fcnschten medialen Rahmen. Ihre G\u00e4ste erhalten \u201ejust in time\u201c alle Fotos und alle Infos zum Fest auf ihr Smartphone. Sie pr\u00e4sentieren sich als modernes, innovatives Unternehmen. Viralit\u00e4tsfaktor: Sie und Ihre G\u00e4ste k\u00f6nnen Fotos und Statements der Feier anderen rasch und einfach \u00fcber das mobile Endger\u00e4t zeigen. Sie erhalten die Nutzungsrechte f\u00fcr alle EventPaper-Fotos und -Texte und k\u00f6nnen diese auch f\u00fcr Ihre Website, f\u00fcr Ihre Firmen-Pr\u00e4sentationen u.v.m. verwenden.<\/span><br \/>\n<\/span><\/p>\n<hr \/>\n<\/td>\n<\/tr>\n<\/tbody>\n<\/table>\n<table style=\"font-size: 1rem;\">\n<tbody>\n<tr>\n<td>\n<p style=\"text-align: justify;\"><span style=\"font-family: tahoma, arial, helvetica, sans-serif; font-size: 10pt;\"><span style=\"font-family: 'arial black', sans-serif; font-size: 12pt;\">FOTOREPORTAGE<\/span><br \/>\nDie Fotoredaktion gibt Ihrer Veranstaltung den gew\u00fcnschten medialen Rahmen. Ihre G\u00e4ste werden \u201ejust in time\u201c fotografiert und die Fotos und samt Infos zum Fest auf der Homepage und auch im Magazin(e-Paper) ver\u00f6ffentlicht. Sie pr\u00e4sentieren sich als modernes, innovatives Unternehmen. Viralit\u00e4tsfaktor: Sie und Ihre G\u00e4ste k\u00f6nnen Fotos und Statements der Feier anderen rasch und einfach \u00fcber das mobile Endger\u00e4t zeigen. Sie erhalten die Nutzungsrechte f\u00fcr die Fotoreportage und den Einbettcode. So k\u00f6nnen Sie diese auch f\u00fcr Ihre Website, f\u00fcr Ihre Firmen-Pr\u00e4sentationen u.v.m. verwenden.<\/span><\/p>\n<hr \/>\n<\/td>\n<\/tr>\n<\/tbody>\n<\/table>\n<table style=\"font-size: 1rem;\">\n<tbody>\n<tr>\n<td width=\"614\">\n<p style=\"text-align: justify;\"><strong><span style=\"font-family: 'arial black', sans-serif;\">Event Filme und Videos von Ihren Veranstaltungen<\/span><br \/>\n<\/strong><span style=\"font-family: tahoma, arial, helvetica, sans-serif; font-size: 10pt;\">Ob Firmenveranstaltung, Roadshow oder Produktpr\u00e4sentation \u2013 mit einem exklusiven Eventfilm sorgen Sie, dass Ihre Veranstaltung nicht nur in den K\u00f6pfen Ihrer Kunden bleibt sondern \u00a0auch die Atmosph\u00e4re der Veranstaltung mitzuerleben und nachzuempfinden, egal ob sie live mit dabei waren oder auch nicht.<\/span><\/p>\n<p style=\"text-align: justify;\"><span style=\"font-family: tahoma, arial, helvetica, sans-serif; font-size: 10pt;\">Vor einer Veranstaltung werden Eventfilme h\u00e4ufig als Trailer genutzt, um potentiellen Besuchern einen Vorausblick auf das zu geben, was sie w\u00e4hrend des Events erwartet, zum Beispiel mit Interviews. Nach dem Event lassen die Eventfilme seine Zuschauer auf die sch\u00f6nsten Momente der Veranstaltung zur\u00fcckblicken. Sie haben also die M\u00f6glichkeit positive Erinnerungen bei den Besuchern auszul\u00f6sen und gleichzeitig potentiellen Neukunden einen pers\u00f6nlichen Einblick in Ihre Unternehmensphilosophie zu erm\u00f6glichen.<\/span><\/p>\n<hr \/>\n<\/td>\n<\/tr>\n<\/tbody>\n<\/table>\n<table>\n<tbody>\n<tr>\n<td style=\"text-align: justify;\" width=\"614\"><span style=\"font-family: 'arial black', sans-serif;\"><strong><span style=\"font-size: 10pt;\">Die Eventfilm-Kosten<\/span><br \/>\n<\/strong><\/span><span style=\"font-family: tahoma, arial, helvetica, sans-serif; font-size: 10pt;\"><span style=\"font-family: tahoma, arial, helvetica, sans-serif; font-size: 10pt;\">Wie umfangreich Ihr Eventfilm sein soll, das entscheiden nur Sie allein. Wir geben Ihnen deshalb schon jetzt einen direkten \u00dcberblick \u00fcber unsere Leistungen und deren Kosten, damit Sie planen k\u00f6nnen welches Budget Sie freigeben k\u00f6nnen.<\/span><\/span><\/p>\n<hr \/>\n<p style=\"text-align: justify;\"><span style=\"font-family: tahoma, arial, helvetica, sans-serif; font-size: 10pt;\">\u00a0<\/span><\/p>\n<table>\n<tbody>\n<tr>\n<td style=\"text-align: left;\" width=\"205\"><span style=\"font-size: 8pt;\"><strong><span style=\"font-family: helvetica, arial, sans-serif;\"><span style=\"font-size: 10pt;\">Film Basic<\/span><br \/>\n<\/span><\/strong><span style=\"font-family: helvetica, arial, sans-serif;\"><strong>600,- \u20ac<\/strong> exkl. 20% MWST<\/span><\/span><br \/>\n<span style=\"font-size: 8pt;\"> L\u00e4nge: bis\u00a0<strong>180 Sekunden<br \/>\n<\/strong>Kleines Kamerateam und<br \/>\neinfachePostproduktion.<br \/>\n<\/span><span style=\"font-size: 10pt;\"><span style=\"font-size: 8pt;\">Lieferzeit: ab 2 Wochen<\/span><br \/>\n<\/span><\/td>\n<td style=\"text-align: left;\" width=\"205\"><span style=\"font-size: 8pt;\"><span style=\"font-family: helvetica, arial, sans-serif;\"><strong><span style=\"font-size: 10pt;\">Film Premium<\/span><br \/>\n<\/strong><\/span><span style=\"font-family: helvetica, arial, sans-serif;\"><strong>1.000,- \u20ac<\/strong> exkl. 20% MWST<br \/>\n<\/span>L\u00e4nge: bis <strong>360 Sekunden<br \/>\n<\/strong>Kamerateam,\u00a0<strong>Aufnahmeleiter<\/strong><br \/>\nund\u00a0<\/span><span style=\"font-size: 10pt;\"><span style=\"font-size: 8pt;\">Postproduktion.<\/span><br \/>\n<span style=\"font-size: 8pt;\"> Lieferzeit: ab 4 Wochen<\/span><br \/>\n<\/span><\/td>\n<td style=\"text-align: left;\" width=\"205\"><span style=\"font-size: 8pt;\"><span style=\"font-family: helvetica, arial, sans-serif;\"><strong><span style=\"font-size: 10pt;\">Film Optimum<\/span><br \/>\n<\/strong><\/span><span style=\"font-family: helvetica, arial, sans-serif;\"><strong>1.800 \u20ac<\/strong> exkl. 20% MWST<br \/>\n<\/span><span style=\"font-family: helvetica, arial, sans-serif;\">L\u00e4nge: bis <strong>600 Sekunden<br \/>\n<\/strong><\/span><span style=\"font-family: helvetica, arial, sans-serif;\">Kamerateam,\u00a0<strong>Redakteur<\/strong><\/span><span style=\"font-family: helvetica, arial, sans-serif;\">,<br \/>\nPostproduktion &amp;<\/span><span style=\"font-family: helvetica, arial, sans-serif;\">\u00a0Animation<br \/>\n<span style=\"font-family: helvetica, arial, sans-serif;\">Lieferzeit: ab 6 Wochen<\/span><br \/>\n<\/span><\/span><\/td>\n<\/tr>\n<\/tbody>\n<\/table>\n<p>&nbsp;<\/p>\n<hr \/>\n<\/td>\n<\/tr>\n<\/tbody>\n<\/table>\n<p><a href=\"http:\/\/www.michael-minassian.eu\/wollen-sie-kontaktiert-werden\/\"><span style=\"font-family: 'arial black', sans-serif;\"><strong>haben Sie Fragen?<br \/>\nWir rufen zur\u00fcck!<\/strong><\/span><\/a><\/p>\n<p>&nbsp;<\/p>\n<table style=\"font-size: 1rem;\">\n<tbody>\n<tr>\n<td style=\"text-align: justify;\">\n<hr \/>\n<p><span style=\"font-family: tahoma, arial, helvetica, sans-serif; font-size: 10pt;\"><span style=\"font-family: tahoma, arial, helvetica, sans-serif; font-size: 10pt;\"><span style=\"font-size: 8pt;\"><strong>Vertrieb(Online):<\/strong> Eigene Datenbank und im Rahmen einer engen Kooperation und Zusammenarbeit mit den Messen und Namhaften Firmen \u00d6sterreichs wird der Online-Vertrieb(Zielgruppe; Counter-Mitarbeiter und die Entscheidungstr\u00e4ger \u00d6sterreichs) unterst\u00fctzt. Wir sind in Sozialen Medien wie <a href=\"https:\/\/twitter.com\/kunstinvestor\" target=\"_blank\" rel=\"noopener noreferrer\"><strong><span style=\"color: #3366ff;\">TWITTER<\/span><\/strong><\/a>, <span style=\"color: #3366ff;\"><a style=\"color: #3366ff;\" href=\"https:\/\/kunstinvestor.tumblr.com\/\" target=\"_blank\" rel=\"noopener noreferrer\"><strong>TUMBLR<\/strong><\/a><\/span>, <span style=\"color: #3366ff;\"><a style=\"color: #3366ff;\" href=\"https:\/\/plus.google.com\/u\/1\/110417926730791676324\" target=\"_blank\" rel=\"noopener noreferrer\"><strong>GOOGLE+<\/strong><\/a><\/span>,\u00a0<span style=\"color: #3366ff;\"><a style=\"color: #3366ff;\" href=\"https:\/\/www.pinterest.at\/kunstinvestor\/kunst-als-kapitalanlage\/\" target=\"_blank\" rel=\"noopener noreferrer\"><strong>PINTEREST <\/strong><\/a><\/span>und<strong>\u00a0<a href=\"https:\/\/www.facebook.com\/kunstinvestor.online\/\" target=\"_blank\" rel=\"noopener noreferrer\"><span style=\"color: #3366ff;\">FACEBOOK<\/span><\/a>,\u00a0<\/strong> vertreten- erg\u00e4nzt mit Publikationen bei <span style=\"color: #3366ff;\"><strong>ISSUU<\/strong><\/span> sowie <span style=\"color: #3366ff;\"><strong>YUMPU<\/strong><\/span> vertreten.<\/span> <span style=\"font-size: 8pt;\">Mehr als 150.000 Unique Clients sorgen f\u00fcr mehr als 12 Millionen Page Impressions in der Online-Welt.<\/span><strong><span style=\"font-size: 8pt;\"><br \/>\n<\/span><\/strong><\/span><\/span><\/p>\n<hr \/>\n<hr \/>\n<\/td>\n<\/tr>\n<\/tbody>\n<\/table>\n<p><a href=\"http:\/\/www.michael-minassian.eu\/wollen-sie-kontaktiert-werden\/\"><span style=\"font-family: 'arial black', sans-serif;\"><strong>haben Sie Fragen?<br \/>\nWir rufen zur\u00fcck!<\/strong><\/span><\/a><\/p>\n","protected":false},"excerpt":{"rendered":"<p>Unser Angebot f\u00fcr Ihre stichhaltige Ver\u00f6ffentlichung, verpackt\u00a0in originellen Headlines und farbenfrohen Fotos. Und das macht die Kampagne aus&#8230;&#8230;&#8230;.. IHRE WERBUNG WIRKT IM KUNST.INVESTOR &#8211; special KUNDENJOURNAL Mit exklusiv produzierter Berichterstattung und Fotos machen wir mit unserem Kundenjournal, \u201aKUNSINVESTOR- SPECIAL\u2018, Ihre Veranstaltung zu einem einmaligen und unvergesslichen Ereignis. Das Redaktionsteam garantiert f\u00fcr Top-Berichterstattung, professionelle Fotos und &hellip; <\/p>\n<p class=\"link-more\"><a href=\"http:\/\/www.kunstinvestor.at\/media\/unser-angebot\/\" class=\"more-link\"><span class=\"screen-reader-text\">\u201eUNSER ANGEBOT\u201c<\/span> weiterlesen<\/a><\/p>\n","protected":false},"author":1,"featured_media":0,"parent":0,"menu_order":0,"comment_status":"closed","ping_status":"closed","template":"","meta":{"footnotes":""},"class_list":["post-459","page","type-page","status-publish","hentry"],"aioseo_notices":[],"_links":{"self":[{"href":"http:\/\/www.kunstinvestor.at\/media\/wp-json\/wp\/v2\/pages\/459"}],"collection":[{"href":"http:\/\/www.kunstinvestor.at\/media\/wp-json\/wp\/v2\/pages"}],"about":[{"href":"http:\/\/www.kunstinvestor.at\/media\/wp-json\/wp\/v2\/types\/page"}],"author":[{"embeddable":true,"href":"http:\/\/www.kunstinvestor.at\/media\/wp-json\/wp\/v2\/users\/1"}],"replies":[{"embeddable":true,"href":"http:\/\/www.kunstinvestor.at\/media\/wp-json\/wp\/v2\/comments?post=459"}],"version-history":[{"count":2,"href":"http:\/\/www.kunstinvestor.at\/media\/wp-json\/wp\/v2\/pages\/459\/revisions"}],"predecessor-version":[{"id":464,"href":"http:\/\/www.kunstinvestor.at\/media\/wp-json\/wp\/v2\/pages\/459\/revisions\/464"}],"wp:attachment":[{"href":"http:\/\/www.kunstinvestor.at\/media\/wp-json\/wp\/v2\/media?parent=459"}],"curies":[{"name":"wp","href":"https:\/\/api.w.org\/{rel}","templated":true}]}}